{"id":133,"date":"2013-05-18T06:59:02","date_gmt":"2013-05-18T06:59:02","guid":{"rendered":"http:\/\/ju-jutsu-kiefersfelden.de\/?page_id=133"},"modified":"2026-03-05T07:48:40","modified_gmt":"2026-03-05T07:48:40","slug":"ubungsleiter-ju-jutsu","status":"publish","type":"page","link":"https:\/\/ju-jutsu-kiefersfelden.de\/?page_id=133","title":{"rendered":"\u00dcbungsleiter Ju Jutsu"},"content":{"rendered":"<p><span style=\"font-size: 14pt;\"><strong><span style=\"font-family: 'comic sans ms', sans-serif;\">7. Dan &#8211; Walter Kn\u00f6r (Gr\u00fcndungsmitglied)<\/span><\/strong><\/span><\/p>\n<p><span style=\"font-size: 14pt;\"><strong><span style=\"font-family: 'comic sans ms', sans-serif;\">5. Dan &#8211; Thomas Zach (Gr\u00fcndungsmitglied)<\/span><\/strong><\/span><\/p>\n<p><span style=\"font-size: 14pt;\"><strong><span style=\"font-family: 'comic sans ms', sans-serif;\">4. Dan &#8211; Erwin Krismer<\/span><\/strong><\/span><\/p>\n<p><span style=\"font-size: 14pt;\"><strong><span style=\"font-family: 'comic sans ms', sans-serif;\">3. Dan &#8211; Constanze Bergmann<\/span><\/strong><\/span><\/p>\n<p><span style=\"font-size: 14pt;\"><strong><span style=\"font-family: 'comic sans ms', sans-serif;\">3. Dan &#8211; Sonja Rauscher-Schmid &#8211; Fachwirtin f\u00fcr Konfliktmanagement und Selbstverteidigung<\/span><\/strong><\/span><\/p>\n<p><span style=\"font-size: 14pt;\"><strong><span style=\"font-family: 'comic sans ms', sans-serif;\">2. Dan &#8211; Andreas Hacker<\/span><\/strong><\/span><\/p>\n<p><span style=\"font-size: 14pt;\"><strong><span style=\"font-family: 'comic sans ms', sans-serif;\">1. Dan &#8211; Wolfgang Deglhofer<\/span><\/strong><\/span><\/p>\n<p><span style=\"font-size: 14pt;\"><strong><span style=\"font-family: 'comic sans ms', sans-serif;\">1. Kyu &#8211; Armin Frey<\/span><\/strong><\/span><\/p>\n<p><span style=\"font-size: 14pt;\"><strong><span style=\"font-family: 'comic sans ms', sans-serif;\">1. Kyu &#8211; Peter Mayr<\/span><\/strong><\/span><\/p>\n<p><span style=\"font-size: 14pt;\"><strong><span style=\"font-family: 'comic sans ms', sans-serif;\">1. Kyu &#8211; Robert Peintner<\/span><\/strong><\/span><\/p>\n<h4>Ehemmalige \u00dcbungsleiter:<\/h4>\n<p><span style=\"font-size: 14pt;\"><strong><span style=\"font-family: 'comic sans ms', sans-serif;\">3. Dan &#8211; Enst PAUL (Gr\u00fcndungsmitglied)<\/span><\/strong><\/span><\/p>\n<p><span style=\"font-size: 14pt;\"><strong><span style=\"font-family: 'comic sans ms', sans-serif;\">1. Dan &#8211; Klaus Greissl (Gr\u00fcndungsmitglied)<\/span><\/strong><\/span><\/p>\n<p><span style=\"font-size: 14pt;\"><strong><span style=\"font-family: 'comic sans ms', sans-serif;\">1. Dan &#8211; Harald Wunderlich (Gr\u00fcndungsmitglied)<\/span><\/strong><\/span><\/p>\n<h4>&nbsp;<\/h4>\n<h4>weitere Dan Tr\u00e4ger:<\/h4>\n<h5><span style=\"font-size: 14pt;\"><strong><span style=\"font-family: 'comic sans ms', sans-serif;\">1.Dan &#8211; Johannes Walchshofer<\/span><\/strong><\/span><\/h5>\n<h5>1.&nbsp; <span style=\"font-size: 14pt;\"><strong><span style=\"font-family: 'comic sans ms', sans-serif;\">Dan <\/span><\/strong><\/span>&#8211;&nbsp; &nbsp;Karle Peter<\/h5>\n<h4>&nbsp;<\/h4>\n<h4><strong>3 neue \u00dcbungsleiter f\u00fcr den Ju Jutsu Verein Kiefersfelden!<\/strong><\/h4>\n<p>Herzlichen Gl\u00fcckwunsch an Armin Frey, Peter Mayr und Robert Peintner zur erfolgreichen Absolvierung der Ju Jutsu \u00dcbungsleiterpr\u00fcfung! Sie haben sich durch die verschiedenen Module gearbeitet haben und nun sind Sie offiziell als \u00dcbungsleiter f\u00fcr den Ju Jutsu Verein Kiefersfelden t\u00e4tig sind. Die Auswahl der Pr\u00fcfungsthemen zeigt ihre vielf\u00e4ltigen F\u00e4higkeiten und ihr Engagement f\u00fcr den Ju Jutsu Sport.&nbsp; Mai 2024<\/p>\n<p><img loading=\"lazy\" decoding=\"async\" src=\"https:\/\/ju-jutsu-kiefersfelden.de\/wp-content\/uploads\/2025\/10\/Uebungsleiterpruefung-am-1.5.24-Armin-Robert-Peter-2-scaled.jpg\" alt=\"\u00dcbungsleiter\" width=\"2560\" height=\"1920\"><\/p>\n<p><span style=\"background-color: transparent; color: #220e10; font-size: 18px; font-style: italic;\">Pr\u00fcfer Matthias Riedel 6. Dan Vizepr\u00e4sident Jugend; Pr\u00fcfer Wolfgang Heindel Bayrischen Landestrainer 6. Dan Ju-Jutsu, 4. Dan Judo, Lehrreferat im Ju Jutsu Verband Bayern<\/span><\/p>\n<h4>Neue CO Trainer f\u00fcr den Ju Jutsu Verein Kiefersfelden (Oktober 2024)<\/h4>\n<p><img loading=\"lazy\" decoding=\"async\" class=\"\" src=\"https:\/\/ju-jutsu-kiefersfelden.de\/wp-content\/uploads\/2025\/10\/20251014_082323-scaled.jpg\" alt=\"CO Trainer JJ Kiefersfelden\" width=\"443\" height=\"227\"><\/p>\n<table style=\"height: 20px; width: 85.9621%; border-collapse: collapse;\">\n<tbody>\n<tr style=\"height: 10px;\">\n<td style=\"width: 100%; height: 10px;\">\n<h6>hinten:&nbsp; &nbsp; &nbsp; &nbsp;Annabell Scheuenpflug, Miriam Dillinger, Miriam Hintner<\/h6>\n<\/td>\n<\/tr>\n<tr style=\"height: 10px;\">\n<td style=\"width: 100%; height: 10px;\">\n<h6>vorne:&nbsp; &nbsp; &nbsp; &nbsp; Elias Dressler, Beatrice Stolz, Samuel Hierl, Moritz Theissig<\/h6>\n<\/td>\n<\/tr>\n<\/tbody>\n<\/table>\n","protected":false},"excerpt":{"rendered":"<p>7. Dan &#8211; Walter Kn\u00f6r (Gr\u00fcndungsmitglied) 5. Dan &#8211; Thomas Zach (Gr\u00fcndungsmitglied) 4. Dan &#8211; Erwin Krismer 3. Dan &#8211; Constanze Bergmann 3. Dan &#8211; Sonja Rauscher-Schmid &#8211; Fachwirtin f\u00fcr &hellip; <a href=\"https:\/\/ju-jutsu-kiefersfelden.de\/?page_id=133\" class=\"more-link\"><span class=\"screen-reader-text\">\u00dcbungsleiter Ju Jutsu<\/span> weiterlesen <span class=\"meta-nav\">&rarr;<\/span><\/a><\/p>\n","protected":false},"author":1,"featured_media":0,"parent":0,"menu_order":0,"comment_status":"closed","ping_status":"closed","template":"","meta":{"ngg_post_thumbnail":0,"footnotes":""},"class_list":["post-133","page","type-page","status-publish","hentry"],"_links":{"self":[{"href":"https:\/\/ju-jutsu-kiefersfelden.de\/index.php?rest_route=\/wp\/v2\/pages\/133","targetHints":{"allow":["GET"]}}],"collection":[{"href":"https:\/\/ju-jutsu-kiefersfelden.de\/index.php?rest_route=\/wp\/v2\/pages"}],"about":[{"href":"https:\/\/ju-jutsu-kiefersfelden.de\/index.php?rest_route=\/wp\/v2\/types\/page"}],"author":[{"embeddable":true,"href":"https:\/\/ju-jutsu-kiefersfelden.de\/index.php?rest_route=\/wp\/v2\/users\/1"}],"replies":[{"embeddable":true,"href":"https:\/\/ju-jutsu-kiefersfelden.de\/index.php?rest_route=%2Fwp%2Fv2%2Fcomments&post=133"}],"version-history":[{"count":34,"href":"https:\/\/ju-jutsu-kiefersfelden.de\/index.php?rest_route=\/wp\/v2\/pages\/133\/revisions"}],"predecessor-version":[{"id":1475,"href":"https:\/\/ju-jutsu-kiefersfelden.de\/index.php?rest_route=\/wp\/v2\/pages\/133\/revisions\/1475"}],"wp:attachment":[{"href":"https:\/\/ju-jutsu-kiefersfelden.de\/index.php?rest_route=%2Fwp%2Fv2%2Fmedia&parent=133"}],"curies":[{"name":"wp","href":"https:\/\/api.w.org\/{rel}","templated":true}]}}

Übungsleiter Ju Jutsu

<p><span style="font-size: 14pt;"><strong><span style="font-family: 'comic sans ms', sans-serif;">7. Dan &#8211; Walter Knör (Gründungsmitglied)</span></strong></span></p>
<p><span style="font-size: 14pt;"><strong><span style="font-family: 'comic sans ms', sans-serif;">5. Dan &#8211; Thomas Zach (Gründungsmitglied)</span></strong></span></p>
<p><span style="font-size: 14pt;"><strong><span style="font-family: 'comic sans ms', sans-serif;">4. Dan &#8211; Erwin Krismer</span></strong></span></p>
<p><span style="font-size: 14pt;"><strong><span style="font-family: 'comic sans ms', sans-serif;">3. Dan &#8211; Constanze Bergmann</span></strong></span></p>
<p><span style="font-size: 14pt;"><strong><span style="font-family: 'comic sans ms', sans-serif;">3. Dan &#8211; Sonja Rauscher-Schmid &#8211; Fachwirtin für Konfliktmanagement und Selbstverteidigung</span></strong></span></p>
<p><span style="font-size: 14pt;"><strong><span style="font-family: 'comic sans ms', sans-serif;">2. Dan &#8211; Andreas Hacker</span></strong></span></p>
<p><span style="font-size: 14pt;"><strong><span style="font-family: 'comic sans ms', sans-serif;">1. Dan &#8211; Wolfgang Deglhofer</span></strong></span></p>
<p><span style="font-size: 14pt;"><strong><span style="font-family: 'comic sans ms', sans-serif;">1. Kyu &#8211; Armin Frey</span></strong></span></p>
<p><span style="font-size: 14pt;"><strong><span style="font-family: 'comic sans ms', sans-serif;">1. Kyu &#8211; Peter Mayr</span></strong></span></p>
<p><span style="font-size: 14pt;"><strong><span style="font-family: 'comic sans ms', sans-serif;">1. Kyu &#8211; Robert Peintner</span></strong></span></p>
<h4>Ehemmalige Übungsleiter:</h4>
<p><span style="font-size: 14pt;"><strong><span style="font-family: 'comic sans ms', sans-serif;">3. Dan &#8211; Enst PAUL (Gründungsmitglied)</span></strong></span></p>
<p><span style="font-size: 14pt;"><strong><span style="font-family: 'comic sans ms', sans-serif;">1. Dan &#8211; Klaus Greissl (Gründungsmitglied)</span></strong></span></p>
<p><span style="font-size: 14pt;"><strong><span style="font-family: 'comic sans ms', sans-serif;">1. Dan &#8211; Harald Wunderlich (Gründungsmitglied)</span></strong></span></p>
<h4>&nbsp;</h4>
<h4>weitere Dan Träger:</h4>
<h5><span style="font-size: 14pt;"><strong><span style="font-family: 'comic sans ms', sans-serif;">1.Dan &#8211; Johannes Walchshofer</span></strong></span></h5>
<h5>1.&nbsp; <span style="font-size: 14pt;"><strong><span style="font-family: 'comic sans ms', sans-serif;">Dan </span></strong></span>&#8211;&nbsp; &nbsp;Karle Peter</h5>
<h4>&nbsp;</h4>
<h4><strong>3 neue Übungsleiter für den Ju Jutsu Verein Kiefersfelden!</strong></h4>
<p>Herzlichen Glückwunsch an Armin Frey, Peter Mayr und Robert Peintner zur erfolgreichen Absolvierung der Ju Jutsu Übungsleiterprüfung! Sie haben sich durch die verschiedenen Module gearbeitet haben und nun sind Sie offiziell als Übungsleiter für den Ju Jutsu Verein Kiefersfelden tätig sind. Die Auswahl der Prüfungsthemen zeigt ihre vielfältigen Fähigkeiten und ihr Engagement für den Ju Jutsu Sport.&nbsp; Mai 2024</p>
<p><img loading="lazy" decoding="async" src="https://ju-jutsu-kiefersfelden.de/wp-content/uploads/2025/10/Uebungsleiterpruefung-am-1.5.24-Armin-Robert-Peter-2-scaled.jpg" alt="Übungsleiter" width="2560" height="1920"></p>
<p><span style="background-color: transparent; color: #220e10; font-size: 18px; font-style: italic;">Prüfer Matthias Riedel 6. Dan Vizepräsident Jugend; Prüfer Wolfgang Heindel Bayrischen Landestrainer 6. Dan Ju-Jutsu, 4. Dan Judo, Lehrreferat im Ju Jutsu Verband Bayern</span></p>
<h4>Neue CO Trainer für den Ju Jutsu Verein Kiefersfelden (Oktober 2024)</h4>
<p><img loading="lazy" decoding="async" class="" src="https://ju-jutsu-kiefersfelden.de/wp-content/uploads/2025/10/20251014_082323-scaled.jpg" alt="CO Trainer JJ Kiefersfelden" width="443" height="227"></p>
<table style="height: 20px; width: 85.9621%; border-collapse: collapse;">
<tbody>
<tr style="height: 10px;">
<td style="width: 100%; height: 10px;">
<h6>hinten:&nbsp; &nbsp; &nbsp; &nbsp;Annabell Scheuenpflug, Miriam Dillinger, Miriam Hintner</h6>
</td>
</tr>
<tr style="height: 10px;">
<td style="width: 100%; height: 10px;">
<h6>vorne:&nbsp; &nbsp; &nbsp; &nbsp; Elias Dressler, Beatrice Stolz, Samuel Hierl, Moritz Theissig</h6>
</td>
</tr>
</tbody>
</table>

<p>7. Dan &#8211; Walter Knör (Gründungsmitglied) 5. Dan &#8211; Thomas Zach (Gründungsmitglied) 4. Dan &#8211; Erwin Krismer 3. Dan &#8211; Constanze Bergmann 3. Dan &#8211; Sonja Rauscher-Schmid &#8211; Fachwirtin für &hellip; <a href="https://ju-jutsu-kiefersfelden.de/?page_id=133" class="more-link"><span class="screen-reader-text">Übungsleiter Ju Jutsu</span> weiterlesen <span class="meta-nav">&rarr;</span></a></p>
