{"id":7,"date":"2013-05-16T15:38:12","date_gmt":"2013-05-16T15:38:12","guid":{"rendered":"http:\/\/ju-jutsu-kiefersfelden.de\/?page_id=7"},"modified":"2026-08-29T07:08:46","modified_gmt":"2026-08-29T07:08:46","slug":"home","status":"publish","type":"page","link":"https:\/\/ju-jutsu-kiefersfelden.de\/","title":{"rendered":"ASV Kiefersfelden e.V. Abteilung  Ju-Jutsu"},"content":{"rendered":"\n<p><img decoding=\"async\" src=\"https:\/\/ju-jutsu-kiefersfelden.de\/wp-content\/uploads\/2026\/08\/Ju-Jutsu-Kurs-Beginn-Herbst-2026.jpg\" alt=\"\"><\/p>\n\n\n\n<h4 class=\"wp-block-heading\">&nbsp;<\/h4>\n\n\n\n<p class=\"wp-block-paragraph\">&nbsp;<\/p>\n\n\n\n<h4 class=\"wp-block-heading\">kein Training &#8211; Ferienzeiten<\/h4>\n\n\n\n<h3><strong>Sommerferien<\/strong> &#8211; 03.08.2026&nbsp; bis 14.09.2026&nbsp; &nbsp; &nbsp; &nbsp; &nbsp; &nbsp; &nbsp; &nbsp; &nbsp; &nbsp; &nbsp; &nbsp; &nbsp; &nbsp; &nbsp; &nbsp; &nbsp; &nbsp; &nbsp; &nbsp; &nbsp; H<strong>erbstferien<\/strong> &#8211;&nbsp; 02.11.26 bis 06.11.2026 und 18.11.2026&nbsp; &nbsp; &nbsp; <strong>Weihnachten<\/strong> &#8211; 24.12.2026 bis 08.01.2027<\/h3>\n<p>&nbsp;<\/p>\n<p>&nbsp;<\/p>\n<p>&nbsp;<\/p>\n<p>&nbsp;<\/p>\n<p>&nbsp;<\/p>\n<p>&nbsp;<\/p>\n\n\n\n<h4 class=\"wp-block-heading\">&nbsp; &nbsp; &nbsp; &nbsp; &nbsp; &nbsp; &nbsp; &nbsp; &nbsp; &nbsp; &nbsp; &nbsp; &nbsp; &nbsp; &nbsp; &nbsp; &nbsp; &nbsp; &nbsp; &nbsp; &nbsp; &nbsp; &nbsp; &nbsp; &nbsp; &nbsp; &nbsp; &nbsp; &nbsp; &nbsp; &nbsp; &nbsp;<\/h4>\n\n\n\n<h5 class=\"wp-block-heading\"><span style=\"color: #ff6600;\"><strong>Ju-Jutsu &#8211; Was ist das \u00fcberhaupt?<\/strong><\/span><\/h5>\n\n\n\n<p class=\"wp-block-paragraph\">Ju-Jutsu ist der Ursprung aller japanischen Kampfsportarten.&nbsp; Sp\u00e4ter hat man W\u00fcrfe, Festhalter, einige Hebel und W\u00fcrfe ausgegliedert, daraus wurde Judo. Durch weitere Ausgliederungen der Schl\u00e4ge und Tritte entstanden Karate. Die runden Bewegungen wurden zum Aikido. Ju-Jutsu ist eine Kampfsportart, das hei\u00dft, es handelt sich beim Training nicht um ein Kampf- oder Wettkampf-Training, sondern es sollen Koordination, Konzentration, Beweglichkeit und K\u00f6rperschulung ausgepr\u00e4gt und Techniken situationsgerecht erlernt und ge\u00fcbt werden. Auch Verh\u00e4ltnism\u00e4\u00dfigkeit, Respekt, Notwehrrechte und De-Eskalation sind Bestandteile. Nat\u00fcrlich lernt man so auch die Selbstverteidigung und es dient zur Selbstbehauptung.&nbsp; Die Ju-Jutsu Abteilung nimmt gerne neue Mitglieder auf. Schaut einfach mal unverbindlich im Training vorbei! Drei kostenlose Probe Trainings stehen jedem Neumitglied zur Verf\u00fcgung. Wir w\u00fcrden uns freuen!&nbsp;<\/p>\n\n\n\n<p class=\"wp-block-paragraph\"><span style=\"font-family: 'comic sans ms', sans-serif; font-size: 14pt;\"><strong><span style=\"color: #ff6600;\">Die Techniken:&nbsp;<\/span><\/strong><\/span><\/p>\n\n\n\n<ul class=\"wp-block-list\">\n<li><span style=\"font-family: 'comic sans ms', sans-serif;\"><em><strong>Fallen, Blocken, Abwehr, Bodenkampf, Wurf- und Hebeltechniken&nbsp;\u2026.<\/strong><\/em><\/span><\/li>\n<\/ul>\n\n\n\n<p class=\"wp-block-paragraph\"><span style=\"font-family: 'comic sans ms', sans-serif; font-size: 14pt;\"><strong><span style=\"color: #ff6600;\">Trainiert werden:<\/span><\/strong><\/span><\/p>\n\n\n\n<ul class=\"wp-block-list\">\n<li><span style=\"font-family: 'comic sans ms', sans-serif;\"><em><strong>Schnelligkeit, Beweglichkeit, Aufmerksamkeit, Gleichgewichtssinn, Bewegung, Intuition&nbsp;\u2026.<\/strong><\/em><\/span><\/li>\n<\/ul>\n\n\n\n<p class=\"wp-block-paragraph\"><span style=\"font-family: 'comic sans ms', sans-serif; font-size: 14pt;\"><strong><span style=\"color: #ff6600;\">Wie wirkt Ju.Jutsu?<\/span><\/strong><\/span><\/p>\n\n\n\n<ul class=\"wp-block-list\">\n<li><span style=\"font-family: 'comic sans ms', sans-serif;\"><em><strong>steigert Kondition und Koordination, gibt Selbstvertrauen, l\u00e4sst eigene Grenzen erkennen, ausgleichend zum Altagsstress&#8230;<\/strong><\/em><\/span><\/li>\n<\/ul>\n\n\n\n<p class=\"wp-block-paragraph\"><span style=\"font-family: 'comic sans ms', sans-serif; font-size: 14pt;\"><strong><span style=\"color: #ff6600;\">Wer macht Ju-Jutsu?<\/span><\/strong><\/span><\/p>\n\n\n\n<ul class=\"wp-block-list\">\n<li><span style=\"font-family: 'comic sans ms', sans-serif;\"><em><strong>jeder mit Lust an Bewegung, Singles und Paare, Jung und Alt gemeinsam&#8230;.<\/strong><\/em><\/span><\/li>\n<\/ul>\n\n\n\n<p class=\"wp-block-paragraph\"><span style=\"color: #ff6600; font-family: 'comic sans ms', sans-serif; font-size: 14pt;\"><strong>Spa\u00df und Ju-Jutsu ?<\/strong><\/span><\/p>\n\n\n\n<ul class=\"wp-block-list\">\n<li><span style=\"font-family: 'comic sans ms', sans-serif;\"><em><strong>Gemeinschaft erleben , Freude an der Bewegung&#8230;<\/strong><\/em><\/span><\/li>\n<\/ul>\n\n\n\n<p class=\"wp-block-paragraph\"><\/p>\n\n\n\n<p class=\"wp-block-paragraph\"><\/p>\n\n\n\n<p class=\"wp-block-paragraph\">&nbsp;<\/p>\n\n\n\n<p class=\"wp-block-paragraph\"><span style=\"text-decoration: underline;\"><span style=\"font-size: 14pt; color: #ff6600; text-decoration: underline;\"><strong><span style=\"font-family: 'comic sans ms', sans-serif;\">LINKS<\/span><\/strong><\/span>:<\/span><\/p>\n\n\n\n<p class=\"wp-block-paragraph\"><a href=\"https:\/\/www.jjvb.de\/\" target=\"_blank\" rel=\"noopener noreferrer\">Ju-Jutsu-Verband Bayer.V. <\/a>&nbsp; &#8211;&nbsp; <a href=\"http:\/\/jjr.de\/\" target=\"_blank\" rel=\"noopener noreferrer\">Ju-Jutsu Rosenheim<\/a>&nbsp; &nbsp; &#8211;&nbsp; <a href=\"https:\/\/www.djjv.de\/aktuelles-termine\/termine\" target=\"_blank\" rel=\"noopener noreferrer\">Deutscher Ju Jutsu Verband &#8211; Termine&nbsp; DJJV<\/a>&nbsp; &nbsp;<\/p>\n\n\n\n<p class=\"wp-block-paragraph\">&nbsp;<\/p>\n","protected":false},"excerpt":{"rendered":"<p>&nbsp; &nbsp; kein Training &#8211; Ferienzeiten Sommerferien &#8211; 03.08.2026&nbsp; bis 14.09.2026&nbsp; &nbsp; &nbsp; &nbsp; &nbsp; &nbsp; &nbsp; &nbsp; &nbsp; &nbsp; &nbsp; &nbsp; &nbsp; &nbsp; &nbsp; &nbsp; &nbsp; &nbsp; &nbsp; &nbsp; &hellip; <a href=\"https:\/\/ju-jutsu-kiefersfelden.de\/\" class=\"more-link\"><span class=\"screen-reader-text\">ASV Kiefersfelden e.V. Abteilung  Ju-Jutsu<\/span> weiterlesen <span class=\"meta-nav\">&rarr;<\/span><\/a><\/p>\n","protected":false},"author":1,"featured_media":0,"parent":0,"menu_order":0,"comment_status":"open","ping_status":"closed","template":"","meta":{"ngg_post_thumbnail":0,"footnotes":""},"class_list":["post-7","page","type-page","status-publish","hentry"],"_links":{"self":[{"href":"https:\/\/ju-jutsu-kiefersfelden.de\/index.php?rest_route=\/wp\/v2\/pages\/7","targetHints":{"allow":["GET"]}}],"collection":[{"href":"https:\/\/ju-jutsu-kiefersfelden.de\/index.php?rest_route=\/wp\/v2\/pages"}],"about":[{"href":"https:\/\/ju-jutsu-kiefersfelden.de\/index.php?rest_route=\/wp\/v2\/types\/page"}],"author":[{"embeddable":true,"href":"https:\/\/ju-jutsu-kiefersfelden.de\/index.php?rest_route=\/wp\/v2\/users\/1"}],"replies":[{"embeddable":true,"href":"https:\/\/ju-jutsu-kiefersfelden.de\/index.php?rest_route=%2Fwp%2Fv2%2Fcomments&post=7"}],"version-history":[{"count":199,"href":"https:\/\/ju-jutsu-kiefersfelden.de\/index.php?rest_route=\/wp\/v2\/pages\/7\/revisions"}],"predecessor-version":[{"id":1518,"href":"https:\/\/ju-jutsu-kiefersfelden.de\/index.php?rest_route=\/wp\/v2\/pages\/7\/revisions\/1518"}],"wp:attachment":[{"href":"https:\/\/ju-jutsu-kiefersfelden.de\/index.php?rest_route=%2Fwp%2Fv2%2Fmedia&parent=7"}],"curies":[{"name":"wp","href":"https:\/\/api.w.org\/{rel}","templated":true}]}}

<p><img decoding="async" src="https://ju-jutsu-kiefersfelden.de/wp-content/uploads/2026/08/Ju-Jutsu-Kurs-Beginn-Herbst-2026.jpg" alt=""></p>



<h4 class="wp-block-heading">&nbsp;</h4>



<p class="wp-block-paragraph">&nbsp;</p>



<h4 class="wp-block-heading">kein Training &#8211; Ferienzeiten</h4>



<h3><strong>Sommerferien</strong> &#8211; 03.08.2026&nbsp; bis 14.09.2026&nbsp; &nbsp; &nbsp; &nbsp; &nbsp; &nbsp; &nbsp; &nbsp; &nbsp; &nbsp; &nbsp; &nbsp; &nbsp; &nbsp; &nbsp; &nbsp; &nbsp; &nbsp; &nbsp; &nbsp; &nbsp; H<strong>erbstferien</strong> &#8211;&nbsp; 02.11.26 bis 06.11.2026 und 18.11.2026&nbsp; &nbsp; &nbsp; <strong>Weihnachten</strong> &#8211; 24.12.2026 bis 08.01.2027</h3>
<p>&nbsp;</p>
<p>&nbsp;</p>
<p>&nbsp;</p>
<p>&nbsp;</p>
<p>&nbsp;</p>
<p>&nbsp;</p>



<h4 class="wp-block-heading">&nbsp; &nbsp; &nbsp; &nbsp; &nbsp; &nbsp; &nbsp; &nbsp; &nbsp; &nbsp; &nbsp; &nbsp; &nbsp; &nbsp; &nbsp; &nbsp; &nbsp; &nbsp; &nbsp; &nbsp; &nbsp; &nbsp; &nbsp; &nbsp; &nbsp; &nbsp; &nbsp; &nbsp; &nbsp; &nbsp; &nbsp; &nbsp;</h4>



<h5 class="wp-block-heading"><span style="color: #ff6600;"><strong>Ju-Jutsu &#8211; Was ist das überhaupt?</strong></span></h5>



<p class="wp-block-paragraph">Ju-Jutsu ist der Ursprung aller japanischen Kampfsportarten.&nbsp; Später hat man Würfe, Festhalter, einige Hebel und Würfe ausgegliedert, daraus wurde Judo. Durch weitere Ausgliederungen der Schläge und Tritte entstanden Karate. Die runden Bewegungen wurden zum Aikido. Ju-Jutsu ist eine Kampfsportart, das heißt, es handelt sich beim Training nicht um ein Kampf- oder Wettkampf-Training, sondern es sollen Koordination, Konzentration, Beweglichkeit und Körperschulung ausgeprägt und Techniken situationsgerecht erlernt und geübt werden. Auch Verhältnismäßigkeit, Respekt, Notwehrrechte und De-Eskalation sind Bestandteile. Natürlich lernt man so auch die Selbstverteidigung und es dient zur Selbstbehauptung.&nbsp; Die Ju-Jutsu Abteilung nimmt gerne neue Mitglieder auf. Schaut einfach mal unverbindlich im Training vorbei! Drei kostenlose Probe Trainings stehen jedem Neumitglied zur Verfügung. Wir würden uns freuen!&nbsp;</p>



<p class="wp-block-paragraph"><span style="font-family: 'comic sans ms', sans-serif; font-size: 14pt;"><strong><span style="color: #ff6600;">Die Techniken:&nbsp;</span></strong></span></p>



<ul class="wp-block-list">
<li><span style="font-family: 'comic sans ms', sans-serif;"><em><strong>Fallen, Blocken, Abwehr, Bodenkampf, Wurf- und Hebeltechniken&nbsp;….</strong></em></span></li>
</ul>



<p class="wp-block-paragraph"><span style="font-family: 'comic sans ms', sans-serif; font-size: 14pt;"><strong><span style="color: #ff6600;">Trainiert werden:</span></strong></span></p>



<ul class="wp-block-list">
<li><span style="font-family: 'comic sans ms', sans-serif;"><em><strong>Schnelligkeit, Beweglichkeit, Aufmerksamkeit, Gleichgewichtssinn, Bewegung, Intuition&nbsp;….</strong></em></span></li>
</ul>



<p class="wp-block-paragraph"><span style="font-family: 'comic sans ms', sans-serif; font-size: 14pt;"><strong><span style="color: #ff6600;">Wie wirkt Ju.Jutsu?</span></strong></span></p>



<ul class="wp-block-list">
<li><span style="font-family: 'comic sans ms', sans-serif;"><em><strong>steigert Kondition und Koordination, gibt Selbstvertrauen, lässt eigene Grenzen erkennen, ausgleichend zum Altagsstress&#8230;</strong></em></span></li>
</ul>



<p class="wp-block-paragraph"><span style="font-family: 'comic sans ms', sans-serif; font-size: 14pt;"><strong><span style="color: #ff6600;">Wer macht Ju-Jutsu?</span></strong></span></p>



<ul class="wp-block-list">
<li><span style="font-family: 'comic sans ms', sans-serif;"><em><strong>jeder mit Lust an Bewegung, Singles und Paare, Jung und Alt gemeinsam&#8230;.</strong></em></span></li>
</ul>



<p class="wp-block-paragraph"><span style="color: #ff6600; font-family: 'comic sans ms', sans-serif; font-size: 14pt;"><strong>Spaß und Ju-Jutsu ?</strong></span></p>



<ul class="wp-block-list">
<li><span style="font-family: 'comic sans ms', sans-serif;"><em><strong>Gemeinschaft erleben , Freude an der Bewegung&#8230;</strong></em></span></li>
</ul>



<p class="wp-block-paragraph"></p>



<p class="wp-block-paragraph"></p>



<p class="wp-block-paragraph">&nbsp;</p>



<p class="wp-block-paragraph"><span style="text-decoration: underline;"><span style="font-size: 14pt; color: #ff6600; text-decoration: underline;"><strong><span style="font-family: 'comic sans ms', sans-serif;">LINKS</span></strong></span>:</span></p>



<p class="wp-block-paragraph"><a href="https://www.jjvb.de/" target="_blank" rel="noopener noreferrer">Ju-Jutsu-Verband Bayer.V. </a>&nbsp; &#8211;&nbsp; <a href="http://jjr.de/" target="_blank" rel="noopener noreferrer">Ju-Jutsu Rosenheim</a>&nbsp; &nbsp; &#8211;&nbsp; <a href="https://www.djjv.de/aktuelles-termine/termine" target="_blank" rel="noopener noreferrer">Deutscher Ju Jutsu Verband &#8211; Termine&nbsp; DJJV</a>&nbsp; &nbsp;</p>



<p class="wp-block-paragraph">&nbsp;</p>
